 Suppose -z = m - t, -4*z + 5*m + 36 = 2*m. What is the remainder when 46 is divided by z?
10
Let n = -539 + 1126. Calculate the remainder when n is divided by 59.
56
Let n = 28 + 13. Let q = -7 - -18. Calculate the remainder when n is divided by q.
8
Let g = -591 - -599. Calculate the remainder when 109 is divided by g.
5
Suppose 3*l + 2 = l. Suppose 4*n + 9*n = 26. Calculate the remainder when 17 is divided by (-9)/l - n - 2.
2
Suppose -5*a - 4*l + 53 - 3 = 0, 5*l + 40 = 4*a. What is the remainder when 67 is divided by 1242/90 - (-2)/a?
11
Suppose 5*t - 3*o = 261, -2*t = -5*t + 3*o + 159. What is the remainder when 192 is divided by t?
39
Let v(o) = 2*o**2 + 8*o - 7*o + 0*o**2. What is the remainder when v(-4) is divided by 10?
8
Suppose -470 = 9*a - 2135. Calculate the remainder when a is divided by 104.
81
Let f = 55 - 53. Suppose -3*k - 23 = -2*c, 0*c = -f*c + 4*k + 18. Calculate the remainder when 72 is divided by c.
15
Suppose -g = -3, 6*g - g = 5*y + 5. Suppose -j - y*w = -23, j = -3*j - 3*w + 112. What is the remainder when j is divided by 16?
15
Let q(c) = c + 1. Let m(l) = -18 - 2*l - 1 + 2. Let n be m(-11). What is the remainder when 11 is divided by q(n)?
5
Let p = 207 - 111. Suppose 8*u - p = 48. What is the remainder when u is divided by (-38)/(-4) + 1/2?
8
Let x = -185 - -327. What is the remainder when x is divided by 36?
34
Suppose -3*v + 77 = 2*z, z = -0 + 1. Let f = 6 - 5. What is the remainder when v is divided by f*(-39)/(2 - 5)?
12
Let h = 84 + 76. What is the remainder when h is divided by 23?
22
What is the remainder when 36/(-162) + ((-7917)/27)/(-1) is divided by 60?
53
Suppose -4 = -5*o + 11. Let k be 5 + 18 - (o + -1). Let q = 31 - k. What is the remainder when 38 is divided by q?
8
Suppose 390 + 504 = 6*b. What is the remainder when b is divided by 30?
29
Suppose 1710 - 230 = 10*q. Calculate the remainder when q is divided by 58.
32
Let m(g) = -5*g + 29. What is the remainder when m(-2) is divided by (9/(-2))/((-8)/16)?
3
Suppose -7 = 2*f - 11. Suppose 6 - 24 = -f*y. Suppose 2*d + 10 = 3*c, 0 = -2*c + d + 2*d. What is the remainder when y is divided by c?
3
Let t = 287 + -75. What is the remainder when t is divided by 72?
68
Suppose 3*u + 6*u - 486 = 0. What is the remainder when 375 is divided by u?
51
Suppose 0 = -2*w - 5*x + 40, -5*w - 2*x = 19 - 140. Let c(r) = -r + 25. What is the remainder when w is divided by c(16)?
7
Let j be 0 - (-4 - (-2 - 0)). Let z be j*(-4)/8 - -3. Suppose -z*m - 172 = -4*p + 34, -113 = -2*p + 3*m. What is the remainder when p is divided by 17?
15
Suppose 4*h = -2*d + d + 157, 0 = -2*h - 4. Let g = d + -83. Calculate the remainder when g is divided by 17.
14
Let d(t) = -10*t + 32. Calculate the remainder when d(-11) is divided by 39.
25
Let u = 84 - 75. Let d be -2 + (-1)/((-1)/4). Suppose 13 - 65 = -d*i. What is the remainder when i is divided by u?
8
Suppose 0*m = -6*m - 42. Let z = 10 + m. What is the remainder when 7 is divided by z?
1
Suppose -h = -4*w + 11, -4*w - 3 = -w + 3*h. Suppose 5*b + 100 = w*y + 2*y, -4*y - 3*b + 68 = 0. What is the remainder when 35 is divided by y?
15
Let f = -162 - -198. Calculate the remainder when f is divided by 19.
17
Suppose 23*j - 1053 = 2121. What is the remainder when j is divided by 48?
42
Suppose 20*y - 1656 = -2*a + 24*y, -5*y = 10. What is the remainder when a is divided by 55?
54
Suppose 2*j - 29 = -3. What is the remainder when 674 is divided by j?
11
What is the remainder when 15159/(-31)*(1 - 1 - 1) is divided by 17?
13
Suppose 3*q - 93 = -3. Calculate the remainder when 54 is divided by q.
24
Suppose o = 5*j - 21, -2*j + 1 = -o - 5. Suppose -3*p = 2*a - 45, j*a - p - 3*p - 78 = 0. What is the remainder when 53 is divided by a?
17
Let r = 73 - 85. Let l = -3 - r. What is the remainder when 40 is divided by l?
4
Let w = -255 - -277. What is the remainder when 83 is divided by w?
17
Let z = -1170 - -1378. Calculate the remainder when z is divided by 6.
4
Let c be 1/(-3) + 2/6. Suppose 7*y + 0 - 14 = 0. Suppose -y*b + c*b + 16 = 0. Calculate the remainder when 31 is divided by b.
7
Let f = -66 + 104. Let d = -8 + f. Calculate the remainder when 88 is divided by d.
28
Suppose 0 = 2*p - 3*x - 0*x - 1, -5*p + x + 9 = 0. Let g(n) be the first derivative of n**2/2 + 46. What is the remainder when g(p) is divided by 2?
0
Let d = -53 - -134. Let m = d + 52. Suppose -g = 2*g + 5*w - 121, 0 = -4*g - w + m. Calculate the remainder when 61 is divided by g.
29
What is the remainder when 292 is divided by -2*((-2)/7 - 2805/154)?
33
Calculate the remainder when 316 is divided by 6*(630/36 - (1 + 3)).
73
Suppose -i - 155 = -6*i. Suppose -6*h = -5*h - 2. Suppose 6*d = h*d + 32. Calculate the remainder when i is divided by d.
7
Suppose -2*p = -3*p + 13. What is the remainder when p is divided by (24/(-40))/((-1)/10)?
1
Let z(r) = r**2 + 5*r - 109. What is the remainder when 63 is divided by z(10)?
22
Suppose 3*f - 5*d - 92 = f, 12 = -3*d. What is the remainder when f is divided by (-49)/(-2) + 3/6?
11
Suppose 4*y = -3*m + 860, -y - 105*m + 192 = -110*m. Calculate the remainder when y is divided by 55.
47
Let g = -924 - -949. What is the remainder when 193 is divided by g?
18
Suppose -2*c = -y - 9 - 5, 0 = c - 5*y + 11. Suppose -63 = -9*g + c. Calculate the remainder when g is divided by 5.
3
What is the remainder when 162 is divided by 21 + 48/40*(-10)/(-4)?
18
Suppose -390 = -47*d + 17*d. What is the remainder when 62 is divided by d?
10
Let m be (2/6)/((-2)/6). Let y(r) = -33*r + 1. What is the remainder when y(m) is divided by -3 - 12/8*-10?
10
Suppose 10*d = 3*d + 21. What is the remainder when (596 + 1)/d - (-1 + 2) is divided by 50?
48
Let r(j) = 13*j + 50. Let o be r(15). Suppose 3*z - o = -4*z. What is the remainder when 137 is divided by z?
32
Let h = -48 + 59. Let k = h - -2. What is the remainder when k is divided by 8?
5
Let p = -118 - -122. Let b be (-4)/(-14) + (-80)/(-14). Calculate the remainder when 10 is divided by p/2*b/4.
1
Let l be 1620/48 + ((-75)/(-12))/5. Let h(p) = -2*p - 4. What is the remainder when (-198)/110*l/(-3) is divided by h(-6)?
5
Calculate the remainder when 4 is divided by (-12 - -19)*3/(63/6).
0
Suppose 4*p - 418 = 4*x + 5*p, -3*x - 306 = -3*p. Let a = x - -165. Let d = a - 0. What is the remainder when d is divided by 21?
19
Suppose -4*n + 50 = -3*n + 5*y, -4*y + 250 = 5*n. Calculate the remainder when 144 is divided by n.
44
Let l(y) = -3 + 0 + 2*y**2 + y**2 - 2*y**2 + 6*y. Let w(a) = a + 12. What is the remainder when w(12) is divided by l(-8)?
11
Calculate the remainder when 113 + (6 - 2) + (-8 - -4) is divided by 31.
20
Let z(g) = -g**3 - 2*g**2 - 3*g. Let j be z(-2). Let o(k) = -k**3 + 6*k**2 + k - 5. What is the remainder when -3*(-1)/(-3) + -6 + 10 is divided by o(j)?
0
Let s(a) = -a**3 + 15*a**2 - a + 21. Suppose 7*g = 4*g - 3*u + 57, -3*u - 33 = -3*g. What is the remainder when 9 is divided by s(g)?
3
Suppose 3*w - 28 = 5*v + 27, 0 = 5*v + 25. What is the remainder when 62 is divided by w?
2
Let i be 42/24*(4 - 0). Suppose -3*y - 54 = -d - i*y, -y - 63 = -2*d. Calculate the remainder when 132 is divided by d.
30
Let u(l) = -l**2 - 25*l + 16. Let a be (-5 + 3)/((-8)/(-52)). Let n be u(a). Let m = -110 + n. What is the remainder when m is divided by 8?
6
Suppose -a - h + 2 = -5, 4*a - h = 3. Calculate the remainder when 40 is divided by -22*(a + (-1 + -2 - 0)).
18
Suppose 3*u + 3*d = 465, 36 + 399 = 3*u - 3*d. Suppose 2*t - u = -4*t. Suppose 0 = -0*o + 2*o - 194. What is the remainder when o is divided by t?
22
Let j be -1*2*(-21)/14. Suppose -5*r - j*o = -2*o - 65, 0 = 5*o - 25. Let n(p) = p**3 - 12*p**2 + 5*p - 13. Calculate the remainder when n(r) is divided by 16.
15
Let n(z) = -z - 26. Let t be n(18). Let g = -39 - t. What is the remainder when (-32)/(-6)*3/2 is divided by g?
3
Suppose -74 = -3*c + y, 2*c = -2*y + y + 56. Let g be c/8 - 3/12. Suppose j + 158 = g*j. Calculate the remainder when j is divided by 27.
25
Let j be 41/(1*(-3)/6). Let g = j + 89. Calculate the remainder when 11 is divided by g.
4
Suppose -2*g + 5*w + 2 = -19, -5*g - w + 66 = 0. Let q = -33 - -82. Calculate the remainder when q is divided by g.
10
Let z = 326 + -218. Let v be 1*(2 - 2)*1. Suppose v*x - z = -4*x. What is the 